nd c.
27
Suppose -1252 = -18*c + 260. Let k = -76 + c. Suppose 2*m = -u + 116, 0 = -m + u - 2*u + 60. Calculate the highest common divisor of m and k.
8
Suppose 0 = -5*q + 24 + 11, -2*s + 3*q + 13611 = 0. What is the highest common divisor of 192 and s?
96
Let m be (-154)/(-8) - -5*11/(-220). Suppose -4*n = -m - 17. What is the highest common factor of n and 477?
9
Let s be 0 - 2*(-14 - -3). Suppose -6*l - 28 = -2*q - 2*l, -4*q + 2*l = -80. Calculate the highest common divisor of q and s.
22
Let t(i) = -i**2 + 20*i - 22. Let a be (-1 + 1 - 1)/(9/(-81)). Let c be t(a). Let j be ((-2)/(-3))/((-10)/(-165)). What is the highest common factor of j and c?
11
Let z(f) = -107*f - 1922. Let u be z(-18). Calculate the greatest common factor of u and 5924.
4
Let g be (-9)/3 + 3 + 14 + 6. Suppose -4*c + 7*z = 11*z - g, 5*c - 33 = -3*z. Calculate the highest common divisor of c and 207.
9
Let n(i) = 29*i + 27. Let k be n(6). Let g = k + -199. Calculate the highest common factor of 34 and g.
2
Suppose 5*p - 4350 = -21*k + 23*k, 4*p + 5*k = 3480. What is the greatest common divisor of 406 and p?
58
Suppose 0 = -6*p + 4*p - 106. Let o = 141 + p. What is the greatest common factor of o and 22?
22
Let z(a) = -5*a**2 + a + a**3 - 9*a - 2*a**3 - a**2 - 25 - 20*a. Let u be z(-11). Calculate the highest common divisor of 12 and u.
12
Let m be 2*1/2*-3 + 0. Let p be (12/10)/(m/(-15)). Suppose 2*k - 14 - p = 0. What is the highest common factor of k and 90?
10
Suppose y = 3*p + 78, 4*y + p - 328 = -3*p. Let t(f) = -1391*f + 9743. Let n be t(7). Calculate the greatest common factor of y and n.
3
Suppose 0 = 2*v - 19 - 171. Let n be (1 + -21)/(2*(-5)/(-15)). Let h be (2*v/n)/((-2)/6). What is the highest common divisor of h and 19?
19
Let c = -1746 - -1980. Calculate the highest common divisor of c and 1092.
78
Let s(i) = i**3 + 9*i**2 + 2*i + 12. Let o be s(-8). Let b = 52 + -27. Suppose -2*c + b = -23. What is the greatest common factor of c and o?
12
Let x(d) = -7 - 13 + 58 + 4 + 72 + 6*d. Let h be x(17). What is the highest common divisor of 540 and h?
108
Suppose 620*x = 647*x - 396 - 171. What is the greatest common divisor of 9 and x?
3
Let r = 12015 - 5492. Calculate the greatest common factor of 11 and r.
11
Let q = -56 + -22. Let d = -63 - q. Let l be -2*(-4 + (-1)/2). What is the greatest common divisor of d and l?
3
Let t be ((-12)/14)/(1/(-343)). Let w be (12*(-154)/110)/(7/(-35)). What is the highest common divisor of t and w?
42
Suppose -3*n + 5*d + 1983 = 8*d, n = 3*d + 657. Calculate the highest common factor of n and 429.
33
Suppose -3*n + 0*n + 4*o = -63, 2*n + 3*o = 42. Suppose 28*y + n = 31*y. Calculate the highest common divisor of 77 and y.
7
Let o be (14/168*30)/(5/168). Calculate the greatest common divisor of o and 4242.
42
Let m = 127 - 122. Suppose -3*s = -0*s + 4*v - 44, m*s + 4*v = 68. Calculate the greatest common divisor of s and 48.
12
Let j = 18 + -12. Suppose a + 1782 = 11*a + 17*a. What is the highest common factor of a and j?
6
Suppose 2*b + 0*b = -12. Let p be 4 - (-570)/(3 + b). Let z = -69 - p. Calculate the highest common factor of 9 and z.
9
Let c = -76 - -79. Let w be (c/2)/((-9)/(-1254)). Calculate the greatest common divisor of w and 11.
11
Let h be (-27 - -27)/((-3)/(-1)). Suppose -20*u + 46*u - 286 = h. What is the highest common factor of u and 99?
11
Let t(l) = 793*l**2 - l. Let u be t(1). Let g = -5343 - -5431. What is the highest common divisor of g and u?
88
Let i be (28/(-6)*10)/((-5)/45*6). What is the greatest common divisor of i and 805?
35
Let m = -608 + 616. Let n be m + (365/5 - 4). What is the highest common factor of n and 616?
77
Let p be 312/(-91)*15015/(-30). Calculate the greatest common factor of p and 260.
52
Let n be (-3)/((-12)/54 + (-1450)/(-6768)). Let c = -206 + n. Calculate the greatest common factor of c and 10.
10
Suppose a = 3*c, 4*c = c + 12. Let z(s) = 25*s**2 - 11*s - 60. Let p be z(-4). Calculate the highest common divisor of p and a.
12
Let f(d) = d**2 + 6*d. Let z be f(-8). Let v = 18 - z. Suppose -9 = -v*h + 15. What is the greatest common divisor of 12 and h?
12
Let g = 62288 + -38334. What is the highest common divisor of g and 29?
29
Let i = 13088 - 12800. Calculate the highest common divisor of 792 and i.
72
Suppose -580 + 73 = -29*b + 189. Calculate the greatest common divisor of b and 5388.
12
Let b = 2895 - 2859. Calculate the greatest common factor of 99 and b.
9
Suppose -z - 3*o = -10, -2*z + 20 = -0*z - 3*o. Let w be z/(1 + -6) + 125. Calculate the highest common divisor of 41 and w.
41
Let s = 27 + -24. Suppose -3*k + 5*f = -36, k + s*f = 4*f + 12. Calculate the highest common divisor of 20 and k.
4
Suppose y = p + 8 - 17, -5*y - 4*p = 36. Suppose 4*t + 142 = 5*i, -2*t - 2*i = t + 118. Let w = y - t. What is the highest common factor of 45 and w?
15
Let m(c) = -31*c + 68. Let i be m(7). Let g = i + 155. What is the highest common factor of g and 42?
6
Suppose 38*k - 378 = 34*k - 3*b, -5*b = -2*k + 176. What is the greatest common factor of k and 6?
3
Let j be (170/(-8))/((-21)/420). Let t = 443 - j. Let g be (-9)/(31/(-14) + 2). Calculate the highest common divisor of g and t.
6
Let y = -408 + 420. Suppose y*s - 1071 = -5*s. Calculate the highest common factor of 18 and s.
9
Let b be (-20900)/(44/(-2))*47/2. What is the highest common factor of 190 and b?
95
Let m be 71 + (-1)/((-2)/(-16)*-2). Let w = 72 - m. Let l be -87*1/w - 4. What is the highest common factor of 5 and l?
5
Let j = 117 + -69. Suppose 6*k = 3*k + j. Suppose z = 43 - k. What is the greatest common factor of z and 18?
9
Suppose -4*a = 4*x - 200, 2*a = -4*x + a + 203. Suppose 14*c - 12*c = -h, 15 = -c - 3*h. Calculate the highest common divisor of c and x.
3
Suppose 0 = -9*w + 229753 - 136198. Calculate the greatest common factor of w and 165.
165
Let a be (2*3/(-9))/((-12)/54). Suppose -499 = a*t + 446. Let h be 2/(-3) + (-15)/(t/182). Calculate the highest common divisor of h and 136.
8
Let s be (-3)/(((-11)/(-77))/((-27)/21)). Calculate the highest common divisor of s and 4671.
27
Let d(t) = -71*t**3 - t. Let k be d(-1). Let p = -197 + 317. What is the highest common divisor of p and k?
24
Let v(u) = 4*u**2 + 2*u - 3. Let n be v(2). Let b = 40 - n. Suppose 9108 = -59*d + 190*d + 67*d. Calculate the greatest common divisor of d and b.
23
Let b be 51722/66 + 3/9. What is the greatest common divisor of 490 and b?
98
Suppose d + 251 = 3*b + 94, 4*d = 2*b - 118. Suppose -19*x = -22*x + b. Let p be (-4)/(-16)*8/5*595. What is the highest common divisor of x and p?
17
Suppose 0 = 3*x + 167 - 467. Suppose 3*l - 2*d = x, 52 = 4*l + 4*d - 48. Suppose k = 4*k - l. What is the highest common factor of 50 and k?
10
Let f = -248 + 646. Let n = f + -360. Calculate the highest common divisor of n and 152.
38
Suppose 0*v - 8781 = -4*v + 4151. What is the highest common factor of 106 and v?
53
Let b(m) = m - 4. Let r be b(7). Suppose d - 2*p - 16 = 0, 3*p = -4*d + 15 - 17. Calculate the greatest common divisor of r and d.
1
Let o be 22/4 + (-6)/4. Let r(z) = 2*z - 24. Let k(x) = x + 32. Let m be k(-16). Let d be r(m). Calculate the greatest common factor of o and d.
4
Let f be 4 + (-6)/((-6)/2). Suppose 118 = 3*h + 46. Calculate the highest common divisor of f and h.
6
Let l = 5682 + -5384. What is the highest common divisor of l and 2533?
149
Let h(g) = -37*g + 94. Let j be h(3). Let w(r) = r**2 - 3*r - 124. Let c be w(j). What is the highest common divisor of 72 and c?
72
Let c = -1011 - -742. Let i = c + 347. Calculate the highest common factor of i and 24.
6
Let m(p) = -p**3 - 7*p**2 - 25*p - 40. Let s be m(-12). Let z be ((-18)/10)/((-42)/s). What is the highest common divisor of z and 70?
14
Let v(a) = -2*a**3 - 19*a**2 + 17*a + 73. Let g be v(-10). What is the greatest common divisor of 699 and g?
3
Let d = 21 - 6. Suppose -176*h + 672 = -169*h - 273. What is the greatest common factor of h and d?
15
Let h be ((-56)/21)/(11 - (-101)/(-9)). Calculate the greatest common divisor of 17196 and h.
12
Let u be 2/(-5) - 16660/(-25). Let y be (2/(-6))/(10/(-4470)) + (3 - 4). What is the greatest common divisor of u and y?
74
Let q(a) = -3 + 3 + 3 + a + 2. Let o be q(0). Suppose -o*d = -60 - 280. Calculate the greatest co